t of u?
3
Suppose 24 = 3*c + 3*c. Suppose 5*b - 262 = 7*j - 3*j, 3*b + c*j - 170 = 0. What is the units digit of b?
4
Suppose 2*j + 3*j - 10 = 0. Let b be ((-12)/8)/((-1)/j). Suppose b*s - 1 - 23 = 0. What is the units digit of s?
8
Suppose -w - 12 = 2*l, 0 = -w - 2*l + 6*l. Let n = 11 + w. Suppose 2*q = -3*y - 5, 4*y - n*q + 10 = 26. What is the units digit of y?
1
Suppose -j + 9 = t, 18 = 3*t - t - 4*j. Suppose c = 6*c + 10. Let r = t + c. What is the units digit of r?
7
Let n(r) = r**2 - 5*r - 10. Let v be n(7). Suppose p - v*w = 22, 2*p - 2 - 57 = 5*w. What is the units digit of p?
2
Let x = 165 - 21. What is the units digit of x?
4
What is the units digit of (-2)/3 + (-9178)/(-78)?
7
Let z = 9 - 5. Suppose z*p + n - 48 = 0, -p + 36 = 2*p - 2*n. What is the units digit of p?
2
Suppose 4 = -2*u + 16. Let w be (-169)/(-9) + u/27. Suppose 4*r - w - 5 = 0. What is the units digit of r?
6
Suppose -m = -2*w + 5*w - 217, 5*w - 390 = 4*m. What is the tens digit of w?
7
Suppose 5*l - 17 = 2*u, 3*l = 7*l + 3*u - 9. Suppose 5*i - l = 22. What is the units digit of i?
5
Suppose 4*b = 6*b - 8. What is the units digit of b?
4
Suppose 0 = -4*v - 2*v + 1038. What is the units digit of v?
3
Let l be 18/(4 + -1) - 0. Suppose h - 2*u = 30, 0 = -3*h - 4*u + l + 94. What is the units digit of h?
2
Suppose -522 = -2*o - 7*o. What is the units digit of o?
8
Let j(v) = -2*v - 7. Let k be j(-5). Let i = 1 + k. What is the units digit of i?
4
Let y(g) = g**3 - 2*g**2 + 9*g - 11. Let b be y(5). Let p = b + -72. What is the units digit of p?
7
Let i(q) = 2*q - 1. Let m be i(4). Let f = m - -1. What is the units digit of f?
8
Suppose 2*x + 2 = 3*x. Suppose k = x*k - 37. Suppose -g = 3*s + 4, 0*g = -5*g + 4*s + k. What is the units digit of g?
5
Let t be 28 + (-2 + -2)/2. Suppose -t = -4*v + 34. What is the units digit of v?
5
Let i = -1 - -13. Let h(l) = -13*l - 7 + 14 + i*l. What is the units digit of h(0)?
7
Suppose 5*u + 95 = 310. What is the tens digit of u?
4
Suppose 5*t - 52 = -f, -3*t + 0*t + 6 = 0. What is the units digit of f?
2
Suppose -3 = 4*m - 19. Suppose 0 = -2*w - 2*w + 40. Suppose -w = -2*i + 2*g, -8*g + 3*g = -m*i + 24. What is the units digit of i?
1
Let i = -2 + 5. Suppose 3*a + 1 = z, -2*z - 4*a - i = -5*z. What is the units digit of z?
1
Let k be (3/(-3))/(-2)*0. Suppose 3 = -3*m - 2*x - 1, 3*m + 4*x + 8 = k. What is the units digit of (1 + -1 - m) + 1?
1
Suppose -1400 - 1750 = -9*h. What is the tens digit of h?
5
Suppose -3*y - 68 - 71 = -4*o, o - 29 = -5*y. What is the tens digit of o?
3
Let c(t) = 30*t - 1. Let a be c(1). Let s(p) = 2*p - 15. Let h be s(10). Suppose 5*u - a = -3*x, h*u + 79 - 17 = 4*x. What is the tens digit of x?
1
Let k(m) = m**3 - 6*m**2 - m + 7. Let b be k(6). Let i = b - -1. Suppose -j = j - i. What is the units digit of j?
1
Let c = -4 - 4. Let x(y) = y**2 + 7*y - 3. Let t be x(c). Suppose t*v = -0*v - 2*n - 1, 3*n = -2*v - 7. What is the units digit of v?
1
Let n(d) = 5*d - 3 + 4*d + 4*d**2 - 4*d - 3*d**2. Suppose m + 19 - 1 = 3*j, -2 = 3*m + 4*j. What is the units digit of n(m)?
3
Suppose -270 = -2*d - 8. What is the hundreds digit of d?
1
Let i = -11 - -6. Let c be (5/(-3))/i*6. Suppose 3*f - 4*o + 7 = -c*f, f = -5*o + 16. What is the units digit of f?
1
Suppose -10 = -4*z + 6. Let h = z - 8. Let k(x) = -x**2 - 6*x - 2. What is the units digit of k(h)?
6
What is the units digit of ((-296)/(-10) + 6)/((-2)/(-5))?
9
Suppose -5*x - 13 = 3*s - 502, 390 = 4*x + 2*s. What is the tens digit of x?
9
Let x(m) = -2*m - 5. Let l(d) = -d**3 + 8*d**2 - 9*d + 8. Let f be l(7). Let k be x(f). Let c = 12 - k. What is the units digit of c?
5
Suppose 83 = 4*m + m + 3*o, -3*o = -3. Suppose 0 = -d - 4*w + 2*w + m, -3*d + 8 = -4*w. What is the units digit of d/(-12) + (-34)/(-6)?
5
Let c(p) = p**2 + 2*p - 12. Let s be c(-5). Suppose 27 = s*z + j, 5*z = 2*j - 3*j + 47. What is the tens digit of z?
1
Let l = -98 + 186. What is the units digit of l?
8
Let r = 5 + -3. Suppose k - r - 1 = 0. What is the units digit of k?
3
Suppose 0 = -13*y + y + 1032. What is the tens digit of y?
8
Suppose 4*x = 5*x. Suppose x = 5*n + 26 - 146. What is the units digit of n?
4
Let r = 12 - 0. What is the units digit of r?
2
Let b = 67 + -62. What is the units digit of b?
5
What is the tens digit of (-263)/(-3) + 10/(-15) + 1?
8
Let l(p) = 43*p**2 + 22*p - 22*p - 1 - 18*p**2. What is the units digit of l(-1)?
4
Let p = -5 - -8. What is the units digit of (-15)/(2 + p/(-1))?
5
What is the units digit of -1 + (3 - (-2)/(-2))?
1
Let s(c) = c**2 + 7*c + 8. Let z be s(-6). Let t be ((2 - z)/1)/(-2). Suppose t = -3*p + 4*p - 6. What is the units digit of p?
6
Let n(k) = 2*k - 8. What is the tens digit of n(10)?
1
Let a(x) be the first derivative of -x**4/4 + 4*x**3/3 + 7*x**2/2 + 2*x + 2. What is the units digit of a(5)?
2
Let f be 414/15 + (-4)/(-10). Let x = f - 16. What is the tens digit of x?
1
What is the units digit of (-235)/(-25) - (-2 + (-24)/(-10))?
9
Let i = -16 + 87. What is the tens digit of i?
7
Suppose 0 = 5*h - 4*d + 12, -d = 3*h + 5 + 9. Let z(o) = -o**3 - 2*o**2 + 3*o + 2. What is the units digit of z(h)?
2
Let m(w) = w**3 - 9*w - 2 + 4 - 6*w**2 - 2*w**2. Let p be m(9). Suppose 4 = 4*y, 3*y = 4*c - p*c - 7. What is the units digit of c?
5
Suppose 4 = -3*t - 4*h, 2*h + 5 = -t - 3*h. What is the units digit of 36 + (-1 - 1) + t?
4
Let f(q) = -3*q. Suppose -2*d = -3*b - 4 + 1, -5*b = -d + 5. What is the units digit of f(b)?
3
Let f = 23 + -13. What is the tens digit of f?
1
Let b(n) = 10*n**2 - n - 2. Let i be b(-2). Suppose 0 = -t + 6*t - i. What is the units digit of (t/(-12))/((-1)/3)?
2
Suppose 0 = 5*o - 3*g - 32, 0 = -5*o - 2*g + 7 + 5. Suppose 2*m = -2*r + 56, -o*m - 58 + 20 = -r. What is the units digit of r?
0
Let o = -25 + 37. Suppose -r + 3 = -o. What is the tens digit of r?
1
Suppose 3*r + 95 = -2*r. Let q = r + 39. Let l = q + -10. What is the units digit of l?
0
Let a = 71 - 25. What is the tens digit of a?
4
Suppose -6*j + 2*j = -28. Suppose 2*g - 4 = 0, 3*g + 31 - j = 5*w. What is the units digit of w?
6
Let t(h) = -h**3 + 2*h**2 - 1. Suppose 4*z = z + 3. Let g be t(z). Suppose g*d = 4*d - 28. What is the units digit of d?
7
Let w(y) = 17*y + 1. What is the units digit of w(2)?
5
Let z(w) = -w**2 + 14*w - 10. Let g be z(13). What is the tens digit of ((-4)/g)/(13/(-156))?
1
Suppose -3*a - a + 4 = 0. What is the tens digit of (-13*a)/(2 + -3)?
1
Let y be (-1 - 4/(-6))*-18. Suppose -y = 2*k + 6. Let x = 25 + k. What is the units digit of x?
9
Let v be (-936)/(-27) - (-4)/(-6). Let f = v + -23. What is the units digit of f?
1
Suppose 2*z - 8 = -2*z. Suppose -3*p + z*p + 2*u = -27, 3*u = 2*p - 49. What is the tens digit of p?
1
Let b(z) be the third derivative of z**4/24 + z**3/6 + z**2. What is the units digit of b(5)?
6
Suppose 5*g = 5 - 0. Let q be (6 - 7)/(-1*g). Suppose -u = -2*u + q, 5*h = 3*u + 22. What is the units digit of h?
5
Suppose -14 = -f + 9. What is the tens digit of f?
2
Let p = 1 - -3. Let g be (-2 - -3) + (5 - p). Suppose -2*z - 17 = -3*c - 3*z, 17 = -g*c + 5*z. What is the units digit of c?
4
Let v = -62 - -219. What is the hundreds digit of v?
1
Let q = 162 - 104. What is the tens digit of q?
5
What is the tens digit of ((-30)/(-1))/(1/2)?
6
Let i(g) = g**2 + 8*g - 3. Let s be (2 - 0) + 1 + -12. What is the units digit of i(s)?
6
Let d(p) = 2*p + 11. What is the units digit of d(-5)?
1
Let t = -1 + -16. Let d = 27 + t. What is the units digit of (d/(-6))/((-1)/3)?
5
Let h(i) be the second derivative of i**3/6 + i**2 - i. Let p be h(-6). What is the units digit of (-11)/(-5) + p/20?
2
Let g be -2*2/(-6) - (-576)/(-54). Let c(i) = -i + 2. Let p(w) = -w + 2. Let k(s) = -4*c(s) + 5*p(s). What is the units digit of k(g)?
2
Let b = 9 + -5. Let h(z) = -6*z**2 + 2*z - 6. Let t(q) = -7*q**2 + 2*q - 7. Let s(k) = -6*h(k) + 5*t(k). What is the units digit of s(b)?
9
Suppose -17 = -5*h + 4*h. Let y = -12 + h. What is the units digit of y?
5
Let l(n) = 3*n**2 + 6*n + 7. Let b = 12 - 16. What is the tens digit of l(b)?
3
Let f(i) = 2*i. Let x be f(-4). Let p = 5 + -1. Let q = p - x. What is the tens digit of q?
1
Let i = -73 - -149. What is the units digit of i?
6
Let u(b) = -b**3 + 7*b**2 + b. Let a be u(7). Let d(y) be the thir